(100 + -103 + -4).
24
Calculate -1 + (13 - -60) - (127 - 108).
53
What is the value of 62 + (0 - 3 - -2) + (-313 - -304)?
52
Calculate -54 + (-1 - -9) + 14 + -10 + 0.
-42
What is the value of (-74 - (10 - 13)) + 113?
42
What is -18 - ((-6 - (9 + -13)) + -4) - 23?
-35
-4 + 94 + (124 - 256) + 112
70
45 + -3 + -6 - (-646 - -612)
70
What is the value of (25 - 11 - 11) + (-3 - 11 - 12)?
-23
What is 39 - (-94 - -98 - (-4 - -6))?
37
What is 33671 + -33678 - (-1 - 8 - (-2 + -1 + 2))?
1
Calculate 1 - 1 - (4 + -45) - (913 + -915).
43
What is the value of 2 + -2 + -21 - (251 + -259) - 39?
-52
What is (11 - 6 - 2) + (-15 - -34) + -17?
5
What is the value of (28 - 24) + 21 + -52?
-27
What is the value of 7 + (-9 + (-36 - 8) - -13 - 7)?
-40
What is the value of -1 - (-12 + (-56 - -14) + (1 - -2) + -1)?
51
Calculate (-38 - -240) + -160 + (-1 - 15).
26
What is -221 - (-533 - -300) - (-45 + -1 - 1)?
59
78 - (89 - (60 + 28))
77
Evaluate -13 + 57 + -40 - (0 + 37).
-33
What is -65 - (17 - 0 - (-230 + 224) - 6)?
-82
What is 285 - 260 - (14 + -17 + (7 - 1))?
22
What is 74 - (151 + -17 + -28)?
-32
Calculate (-58 - -37) + 37 + 6.
22
Calculate 22 + -17 + 7 - (44 - 50).
18
Evaluate 12 - -62 - -27 - 10.
91
What is (132 - (108 - 135)) + 1 + (-4 - 10)?
146
Evaluate 9 + -68 - (453 - 465).
-47
Evaluate (1 - -57) + -67 + (38 - 2).
27
Calculate (-33 - -41 - 8) + (-83 - (2 + (-3 - 2))).
-80
Calculate -1637 + 1630 + 1 + -48.
-54
What is the value of -11 + 7 - (-135 - -220)?
-89
528 + -331 + -1 + -71
125
What is 49 - ((-30 - -38) + 74)?
-33
What is (24 + -56 - 9) + 5?
-36
What is (0 - (3 - 4)) + (-112 - -168) + (2 - -4)?
63
Calculate 16 + (-50 - -23) + (2 - -2 - (19 + 28)).
-54
What is 7 - (-4 - -1 - -139) - ((-26 - -50) + -20)?
-133
What is 106 - (-62 + 120 + (3 - 25))?
70
What is -23 + -6 + 72 + (-2 - 9) + (0 - -6)?
38
What is the value of -40 - (45 - 13 - 17 - 96)?
41
-3 + 4 + (-1 - -2 - ((-45 - -25) + -66))
88
What is -104 - -59 - -66 - -3?
24
5 + 67 + -1 + -4 + -3
64
What is (-147 + 149 + 0 + 18 - (6 - -1)) + 63?
76
-10 + -2 + -3 + (-49 - (-48 + -8 + 17))
-25
(39 - 49) + 2 + (-4 - -4) + 18 + -1
9
Calculate 9 + -37 + (-110 - -145).
7
Calculate (5 + -3 - -5) + (-785 - -812).
34
Calculate (4 + 42 - 156) + 161.
51
What is the value of -196 + (275 - 106) - (17 - 1)?
-43
-97 + (-18 - -115 - -59)
59
50 + 2 - (-142 + 101 + 8)
85
Calculate (-75 - 71) + 89 - (6 + 1 - 0).
-64
Calculate -58 + (39 - 12) + (-4 - -7) + 2 + -10.
-36
15 + -21 + 35 + -30
-1
11 + -14 + 14 + (0 - -1 - 8)
4
5 - -1 - (26 - ((-39 - -18) + 57))
16
What is the value of 0 + 2 + 25 + 62 + -57?
32
Evaluate -9 + -3 + (6 - 14) + 26 + 19.
25
Evaluate 78 - (3 - (49 + -157)).
-33
What is the value of -4 + 13 + 39 + -17 + 11 + -6?
36
What is the value of 32 - (-42 + 6 + 28)?
40
Evaluate (-67 - -72 - (9 - 0)) + -11 + (-1 - -1).
-15
What is 88 + 14 + -121 + (-1 - 32)?
-52
Evaluate (29 - -36) + -27 + -63 - 54.
-79
Calculate 4 - (-16 - (-15 + (21 - 25))).
1
Calculate (-1 - 59) + -1 - (14710 - 14759).
-12
What is -35 + -5 + 130 + -32?
58
Evaluate 51 + (-20 - (-48 + 38)).
41
What is (-13 + 1 - (24 - -100 - 104)) + 9?
-23
What is 78 + 2 + -26 - 9?
45
Evaluate (-27 - -1 - (126 + 96 + -240)) + -113.
-121
Calculate -27 - -45 - -21 - (187 + -43).
-105
Calculate 35 - (-16 - ((9 - 0) + -14)) - -4.
50
Calculate 69 - (152 + 33 + -41).
-75
-47 + 21 + (12 - 26)
-40
What is the value of 31 - -70 - (1 - -155)?
-55
Calculate -76 + (596 - 591) + (1 - -1).
-69
What is the value of 30 + 6 - (-8 - (-7 - (17 + -9 + -3)))?
32
What is the value of -5 + 103 + 6 - 83?
21
Calculate 11 + 4 + (-90 - (3 + -40)).
-38
What is the value of (-22 + -101 - -70) + 126?
73
Calculate 4 - -6 - (-6 - (-3 + -3)) - (112 + -123).
21
14 - (24 + -34 - -3 - 14)
35
Evaluate -32 - (-9 + 1 + 13 - 10 - (-18 + 12)).
-33
What is -24 - (0 - -1) - (13 + (2 - 4) + -9)?
-27
2048 + -2097 - (-88 + 2)
37
Evaluate 9 - (5 + 8 + -4 + 46 - -8).
-54
Evaluate -17 + 3 - ((20 - 6) + 18) - -7.
-39
Evaluate 9 + 2 + 1 - (-1898 + 1919).
-9
Evaluate (97 - (-57 + 116)) + -52.
-14
Evaluate 28 + 1 + -4226 + 4162.
-35
What is the value of 54 - 29 - (-32 + -21 + 33)?
45
What is -12 + -37 - (-49 + 56)?
-56
-5 + (25 - 6 - 32)
-18
Evaluate (55 - 137 - -126) + (1 - -16).
61
What is 17 + -33 + 23 + (23 + -12 - 6)?
12
Calculate (13 + 2 + -13 - 15) + (7 - -7).
1
What is (1 + -25 + 14 - (-25 + -27)) + -14?
28
What is the value of (-5534 - -5455) + (0 + (0 - -1) - (10 + -8))?
-80
What is (-38 - -2) + (4 - (-6 + -51 + 42))?
-17
Evaluate (-56 - (-54 + 39)) + -5.
-46
What is 2 + (15 - (-47 - -128)) + 41?
-23
-12 + 16 + 69 + -39
34
(1 - -100) + 1102 + -1098
105
-24 + (542 - 539) + (25 - 1)
3
What is -16 + (-11 - 21) + -14 - -16?
-46
2 - ((48 - 129 - -62) + -14 + 0)
35
Evaluate (-53 - -2) + (-3 - 3 - (-133 + 106)).
-30
Evaluate (118 - 2) + 10 + 2 + -28 + -2.
98
What is the value of (-37 - 25) + -4 - 36?
-102
Evaluate -3 + 16 + -39 + 30.
4
Evaluate 5 - (-3 - -21) - ((-8 - 26) + 4).
17
What is the value of 1 + 47 - (-4282 - -4349)?
-19
What is the value of -42 + -1 + (-1863 - -1881)?
-25
Calculate 47 - (89 + -118 - 21).
97
What is the value of (-5 - -5) + 36 + -34 + (2 - 12) + -38?
-46
Evaluate (-39 - 13) + 9 + 12.
-31
Evaluate (6 - (1 - (3 + -5) - -47)) + 1.
-43
What is the value of -1 + (-2 - -3) + (13 - (-14 - -38) - -3)?
-8
What is (34 + -1 - 1) + -153 + (43 - -120)?
42
Calculate -152 - -67 - (1 - 29).
-57
What is 7 - (7 - 3 - (20 - 10))?
13
What is the value of 983 + -968 + (2 - 68)?
-51
(-82 - 8) + 30 - (7 - 5 - 6)
-56
(-28 - (-40 - -23) - -16) + -4
1
Calculate -5655 + 5531 - (-1 - -1 - (2 - 3) - 13).
-112
Evaluate (62 - 0) + -1183 + 1153.
32
(21 + (-4 - 0) - (0 - -5)) + (433 - 418)
27
What is the value of 52 + (7 - -30) - 22?
67
Evaluate -21 - (22 - 21 - (78 + -40)).
16
What is -8 + (9 - (37 - -14))?
-50
-4484 - -4410 - (-63 - -2) - (0 - 1 - -90)
-102
What is 84 + -52 - 6 - 12?
14
Evaluate (308 - 376) + (23 - -2).
-43
What is the value of 75 + 5 + (8 - (15 + (-15 - -7)))?
81
What is the value of (-37 - -24) + 4 + -1 + 19 - -79?
88
170 + (2 - 88) + (-15 + 1 + -1 - -3)
72
What is the value of 27 + (-27 - (-30 + 28)) + -18?
-16
What is the value of -12 + -158 - -62 - ((0 - -1) + 0)?
-109
Evaluate -88 + -58 + 278 + -69.
63
What is the value of (3 - -3) + (31 - 30 - -23)?
30
Evaluate (-21 - -9) + 84 + -15 + 26.
83
What is the value of -82 + 3 + (-2 - 0) + 2 + 12 + 12?
-55
Evaluate 10 - (-8 - 0) - (-10 - 0) - 3.
25
What is the value of -121 - (1 + 22 + -9) - (3 - 22)?
-116
(-120 - -6) + (-9 - 10 - -29 - (-5 + 0))
-99
What is -15 - (-20 - -7 - -26 - 15 - 3)?
-10
Evaluate -8 + 6 + -21 - (-4 + 3 - -3 - 7).
-18
What is (-4 - (35 + -2)) + -18 + 4 + -4 + 9?
-46
-27 + (-65 - -92) + 6 + -52
-46
Evaluate -10550 + 10535 - ((1 - 0) + 1) - 74.
-91
Evaluate 26 + -79 + (17 - -4).
-32
76 + -3 - (145 + -169) - -6
103
Evaluate -7 + 0 - ((24 - 19 - -15) + -34).
7
What is -45 - (-47 - (22 - 76))?
-52
Calculate -43 - 0 - (-9 + 0 - (-13 - -10 - 0)).
-37
Calculate -5 + (-61 - 6) - 2.
-74
-1 + (-24 - -1) + 28 + (-61 - -29)
-28
What is the value of 29 + (-21 - (-24 - -6)) + (9 + -2 - -2)?
35
Evaluate 1718 + -1688 - (37 - 3).
-4
What is the value of 32 + 16 + 2 + (741 - 673)?
118
What is (-9 + 5 - -1) + (1 - -13) + (294 - 307)?
-2
What is the value of -68 + 27 + (-50 - -194)?
103
Evaluate -1157 + 1210 + (1 - 57).
-3
34 - (1 + 19 + -64 + 17)
61
(142 - 170 - (-14 - (4 + -5))) + 74
59
What is the value of 46 + -69 - (-3 - (7 + (-3 - 0))) - 10?
-26
24 + -1 + 18 + -27 + 44 + (1 - 37)
22
What is -1 + -3 + -28 + 15 + -6?
-23
(23 - (-39 + 42)) + -8
12
What is -6 + (-3 - -3) + 2 - (144 + -139)?
-9
What is 3 + -7 + -10 + 18 + -2 + -3 - -111?
110
What is the value of 49 - (22 + (-6 - -5))?
28
14 - (-13 + 28 + -90) - -12
101
-10 + -42 - (18 + -33 - 2 - -6)
-41
-11 + 20 + (-163 - -209)
55
Evaluate 60 + 1 + (-1611 - -1600).
50
Calculate -17 - (-1 + 1) - (-682 - -669) - (0 - 49).
45
Evaluate -4 + -1 + (-13 + -5 - -53 - (-8 + 3)).
35
What is the value of (61 - -1) + (3062 - 3127)?
-3
(9 - 27 - -2) + (-43 - -70)
11
Calculate (-7 + (14 - 18) - 2) + -2 - (-24 - -1).
8
Evaluate -77 - (-22 + 12 + (-63 - -78)).
-82
Calculate 26 + -38 + -57 + -5 + -18.
-92
Calculate -97 + ((-106 - -30) + 35 - -79).
-59
What is 25 - (-1 - -17 - (812 - 865))?
-44
What is 0 + 13 